e factors of 2536807?
7, 13, 61, 457
What are the prime factors of 12215487?
3, 4071829
List the prime factors of 2524810.
2, 5, 252481
What are the prime factors of 14369308?
2, 3592327
What are the prime factors of 5642560?
2, 5, 7, 11, 229
List the prime factors of 28378814.
2, 17, 834671
What are the prime factors of 28710904?
2, 157, 22859
What are the prime factors of 29797?
83, 359
What are the prime factors of 13047742?
2, 6523871
What are the prime factors of 1893483?
3, 19, 3691
List the prime factors of 1244008.
2, 155501
List the prime factors of 2095837.
2095837
What are the prime factors of 126001?
126001
What are the prime factors of 3197264?
2, 7, 28547
List the prime factors of 15778036.
2, 3944509
List the prime factors of 722279.
17, 42487
What are the prime factors of 344739?
3, 114913
List the prime factors of 606392.
2, 229, 331
What are the prime factors of 93502?
2, 46751
What are the prime factors of 3175457?
557, 5701
List the prime factors of 15724136.
2, 1965517
What are the prime factors of 1436829?
3, 478943
What are the prime factors of 3936138?
2, 3, 656023
What are the prime factors of 33010086?
2, 3, 5501681
List the prime factors of 6256432.
2, 7, 13, 4297
What are the prime factors of 11260745?
5, 2252149
What are the prime factors of 447296?
2, 29, 241
What are the prime factors of 957435?
3, 5, 29, 31, 71
List the prime factors of 238927.
13, 18379
List the prime factors of 161702.
2, 233, 347
List the prime factors of 280760.
2, 5, 7019
List the prime factors of 1747823.
7, 11, 22699
What are the prime factors of 673221?
3, 349, 643
List the prime factors of 1498114.
2, 223, 3359
List the prime factors of 1363143.
3, 43, 10567
What are the prime factors of 2434550?
2, 5, 23, 29, 73
List the prime factors of 14308649.
14308649
List the prime factors of 4214480.
2, 5, 139, 379
What are the prime factors of 298010?
2, 5, 17, 1753
List the prime factors of 4329270.
2, 3, 5, 11, 4373
List the prime factors of 148639.
148639
What are the prime factors of 157246?
2, 78623
What are the prime factors of 1742984?
2, 19, 11467
List the prime factors of 114816.
2, 3, 13, 23
List the prime factors of 1917083.
7, 47, 5827
List the prime factors of 7741110.
2, 3, 5, 13, 23, 863
What are the prime factors of 1492664?
2, 186583
List the prime factors of 60557.
7, 41, 211
What are the prime factors of 160139?
7, 22877
List the prime factors of 217108.
2, 54277
List the prime factors of 1566982.
2, 241, 3251
What are the prime factors of 1681132?
2, 37, 307
What are the prime factors of 201277?
431, 467
What are the prime factors of 329522?
2, 37, 61, 73
List the prime factors of 386197.
7, 55171
List the prime factors of 225538.
2, 23, 4903
What are the prime factors of 1380873?
3, 13, 35407
What are the prime factors of 12613635?
3, 5, 280303
List the prime factors of 574526.
2, 83, 3461
What are the prime factors of 464466?
2, 3, 199, 389
What are the prime factors of 5880527?
521, 11287
What are the prime factors of 6612608?
2, 19, 2719
What are the prime factors of 1048478?
2, 23, 991
What are the prime factors of 2456351?
41, 181, 331
List the prime factors of 8549858.
2, 449, 9521
What are the prime factors of 4238763?
3, 17, 4889
List the prime factors of 74283.
3, 11, 2251
What are the prime factors of 72443?
7, 79, 131
What are the prime factors of 255648?
2, 3, 2663
What are the prime factors of 347640?
2, 3, 5, 2897
List the prime factors of 135511.
135511
What are the prime factors of 145514?
2, 31, 2347
What are the prime factors of 195962?
2, 13, 7537
What are the prime factors of 329186?
2, 11, 13, 1151
List the prime factors of 1738751.
7, 139, 1787
What are the prime factors of 10764435?
3, 5, 11, 65239
What are the prime factors of 1618276?
2, 11, 36779
What are the prime factors of 960166?
2, 59, 79, 103
What are the prime factors of 196299?
3, 17, 1283
What are the prime factors of 6045518?
2, 3022759
List the prime factors of 1205471.
1205471
List the prime factors of 760913.
760913
What are the prime factors of 248272?
2, 59, 263
List the prime factors of 263999.
41, 47, 137
What are the prime factors of 1473738?
2, 3, 7, 35089
List the prime factors of 382706.
2, 191353
List the prime factors of 381194.
2, 11, 17327
List the prime factors of 1782688.
2, 17, 29, 113
What are the prime factors of 16293019?
523, 31153
What are the prime factors of 5489681?
43, 2969
List the prime factors of 5872444.
2, 19, 77269
What are the prime factors of 3084384?
2, 3, 19, 89
List the prime factors of 287595.
3, 5, 7, 11, 83
What are the prime factors of 707631?
3, 235877
List the prime factors of 233252.
2, 58313
What are the prime factors of 1361415?
3, 5, 11, 37, 223
List the prime factors of 460636.
2, 11, 19, 29
List the prime factors of 10972487.
103, 307, 347
List the prime factors of 42790851.
3, 619, 7681
List the prime factors of 15052157.
17, 885421
List the prime factors of 1832647.
37, 49531
List the prime factors of 254226.
2, 3, 7, 6053
What are the prime factors of 434350?
2, 5, 7, 17, 73
What are the prime factors of 12460669?
13, 43, 22291
What are the prime factors of 43463?
7, 887
List the prime factors of 1674313.
17, 149, 661
List the prime factors of 771294.
2, 3, 128549
What are the prime factors of 98799?
3, 32933
List the prime factors of 37442.
2, 97, 193
List the prime factors of 4726124.
2, 13, 90887
List the prime factors of 382689.
3, 101, 421
List the prime factors of 1220139.
3, 135571
What are the prime factors of 222790?
2, 5, 22279
List the prime factors of 317387.
7, 45341
What are the prime factors of 79653?
3, 7, 3793
List the prime factors of 320930.
2, 5, 67, 479
What are the prime factors of 797240?
2, 5, 19, 1049
List the prime factors of 2454705.
3, 5, 11, 19, 29
List the prime factors of 6446315.
5, 17, 181, 419
List the prime factors of 291874.
2, 11, 13267
What are the prime factors of 2118227?
79, 26813
What are the prime factors of 2467098?
2, 3, 97, 157
What are the prime factors of 127230?
2, 3, 5, 4241
What are the prime factors of 1279469?
241, 5309
List the prime factors of 466942.
2, 7, 33353
List the prime factors of 363691.
363691
What are the prime factors of 37530821?
37530821
What are the prime factors of 521497?
521497
What are the prime factors of 11083809?
3, 11, 43, 73, 107
What are the prime factors of 19150192?
2, 431, 2777
What are the prime factors of 3774027?
3, 19, 73, 907
What are the prime factors of 708644?
2, 29, 41, 149
What are the prime factors of 3955045?
5, 791009
What are the prime factors of 552411?
3, 61379
What are the prime factors of 139694?
2, 69847
List the prime factors of 25113.
3, 11, 761
List the prime factors of 5865709.
5865709
What are the prime factors of 18897525?
3, 5, 47, 1787
What are the prime factors of 1717067?
11, 139, 1123
List the prime factors of 161122.
2, 13, 6197
What are the prime factors of 6619788?
2, 3, 7, 109, 241
List the prime factors of 5199706.
2, 1091, 2383
What are the prime factors of 712795?
5, 142559
List the prime factors of 4930254.
2, 3, 7, 13043
What are the prime factors of 14122222?
2, 7061111
What are the prime factors of 4474?
2, 2237
List the prime factors of 19535220.
2, 3, 5, 108529
List the prime factors of 885845.
5, 23, 7703
List the prime factors of 6339378.
2, 3, 1056563
List the prime factors of 3937726.
2, 13, 151451
List the prime factors of 708227.
13, 157, 347
What are the prime factors of 205777?
11, 13, 1439
What are the prime factors of 394766?
2, 197383
What are the prime factors of 293096?
2, 36637
What are the prime factors of 8319414?
2, 3, 1386569
What are the prime factors of 6840561?
3, 7, 13, 25057
What are the prime factors of 6655145?
5, 7, 190147
List the prime factors of 1188013.
19, 31, 2017
List the prime factors of 23308237.
353, 66029
What are the prime factors of 9810460?
2, 5, 11, 19, 2347
What are the prime factors of 1276820?
2, 5, 63841
What are the prime factors of 7689198?
2, 3, 11, 113, 1031
What are the prime factors of 48039?
3, 67, 239
What are the prime factors of 700763?
7, 100109
List the prime factors of 266401.
266401
What are the prime factors of 251829?
3, 3109
List the prime factors of 3465884.
2, 866471
What are the prime factors o